{"id":4731,"date":"2025-06-16T16:41:08","date_gmt":"2025-06-16T16:41:08","guid":{"rendered":"https:\/\/zkkplamenpozega.hr\/?page_id=4731"},"modified":"2025-06-16T17:05:11","modified_gmt":"2025-06-16T17:05:11","slug":"ekipa","status":"publish","type":"page","link":"https:\/\/zkkplamenpozega.hr\/?page_id=4731","title":{"rendered":"Ekipa"},"content":{"rendered":"<div class=\"wpb-content-wrapper\"><p>[vc_row][vc_column][vc_custom_heading text=&#8221;PLAMENE 24\/25&#8243; google_fonts=&#8221;font_family:Montserrat%3Aregular%2C700|font_style:700%20bold%20regular%3A700%3Anormal&#8221; css=&#8221;.vc_custom_1750092035045{margin-bottom: 24px !important;border-top-width: 0px !important;border-left-width: 6px !important;padding-left: 12px !important;border-left-style: solid !important;border-top-style: solid !important;border-radius: 4px !important;border-color: #EECD29 !important;}&#8221;][alc_roster_blocks player_lists_id=&#8221;4448&#8243; columns=&#8221;2&#8243;][vc_separator][\/vc_column][\/vc_row][vc_row css=&#8221;.vc_custom_1750092187137{margin-top: 24px !important;}&#8221;][vc_column][vc_custom_heading text=&#8221;Stru\u010dni sto\u017eer&#8221; google_fonts=&#8221;font_family:Montserrat%3Aregular%2C700|font_style:700%20bold%20regular%3A700%3Anormal&#8221; css=&#8221;.vc_custom_1750092053745{margin-bottom: 24px !important;border-top-width: 0px !important;border-left-width: 6px !important;padding-left: 12px !important;border-left-style: solid !important;border-top-style: solid !important;border-radius: 4px !important;border-color: #EECD29 !important;}&#8221;][\/vc_column][\/vc_row][vc_row][vc_column width=&#8221;1\/2&#8243;][alc_staff_bio_card staff_id=&#8221;4522&#8243; img_size=&#8221;medium&#8221; el_class=&#8221;coach&#8221;][\/vc_column][vc_column width=&#8221;1\/2&#8243;][alc_staff_bio_card staff_id=&#8221;4525&#8243; img_size=&#8221;medium&#8221; el_class=&#8221;coach&#8221;][\/vc_column][\/vc_row]<\/p>\n<\/div>","protected":false},"excerpt":{"rendered":"<p>[vc_row][vc_column][vc_custom_heading text=&#8221;PLAMENE 24\/25&#8243; google_fonts=&#8221;font_family:Montserrat%3Aregular%2C700|font_style:700%20bold%20regular%3A700%3Anormal&#8221; css=&#8221;.vc_custom_1750092035045{margin-bottom: 24px !important;border-top-width: 0px !important;border-left-width: 6px !important;padding-left: 12px !important;border-left-style: solid !important;border-top-style: solid !important;border-radius: 4px !important;border-color: #EECD29 !important;}&#8221;][alc_roster_blocks player_lists_id=&#8221;4448&#8243; columns=&#8221;2&#8243;][vc_separator][\/vc_column][\/vc_row][vc_row css=&#8221;.vc_custom_1750092187137{margin-top: 24px !important;}&#8221;][vc_column][vc_custom_heading text=&#8221;Stru\u010dni sto\u017eer&#8221; google_fonts=&#8221;font_family:Montserrat%3Aregular%2C700|font_style:700%20bold%20regular%3A700%3Anormal&#8221; css=&#8221;.vc_custom_1750092053745{margin-bottom: 24px !important;border-top-width: 0px !important;border-left-width: 6px !important;padding-left: 12px !important;border-left-style: solid !important;border-top-style: solid !important;border-radius: 4px !important;border-color: #EECD29 !important;}&#8221;][\/vc_column][\/vc_row][vc_row][vc_column width=&#8221;1\/2&#8243;][alc_staff_bio_card staff_id=&#8221;4522&#8243; img_size=&#8221;medium&#8221; el_class=&#8221;coach&#8221;][\/vc_column][vc_column width=&#8221;1\/2&#8243;][alc_staff_bio_card staff_id=&#8221;4525&#8243; img_size=&#8221;medium&#8221; el_class=&#8221;coach&#8221;][\/vc_column][\/vc_row]<\/p>\n","protected":false},"author":5,"featured_media":0,"parent":0,"menu_order":0,"comment_status":"closed","ping_status":"closed","template":"","meta":{"_acf_changed":false,"footnotes":""},"class_list":["post-4731","page","type-page","status-publish","hentry"],"acf":[],"yoast_head":"<!-- This site is optimized with the Yoast SEO plugin v27.4 - https:\/\/yoast.com\/product\/yoast-seo-wordpress\/ -->\n<title>Ekipa - \u017dKK Plamen Po\u017eega<\/title>\n<meta name=\"description\" content=\"Prvo ko\u0161arka\u0161ko igrali\u0161te izgra\u0111eno je 1946. godine, u Grginom dolu. Odmah je 1947 pri poduze\u0107u Granap osnovana \u017eenska ko\u0161arka\u0161ka ekipa.\" \/>\n<meta name=\"robots\" content=\"index, follow, max-snippet:-1, max-image-preview:large, max-video-preview:-1\" \/>\n<link rel=\"canonical\" href=\"https:\/\/zkkplamenpozega.hr\/?page_id=4731\" \/>\n<meta property=\"og:locale\" content=\"hr_HR\" \/>\n<meta property=\"og:type\" content=\"article\" \/>\n<meta property=\"og:title\" content=\"Ekipa - \u017dKK Plamen Po\u017eega\" \/>\n<meta property=\"og:description\" content=\"Prvo ko\u0161arka\u0161ko igrali\u0161te izgra\u0111eno je 1946. godine, u Grginom dolu. Odmah je 1947 pri poduze\u0107u Granap osnovana \u017eenska ko\u0161arka\u0161ka ekipa.\" \/>\n<meta property=\"og:url\" content=\"https:\/\/zkkplamenpozega.hr\/?page_id=4731\" \/>\n<meta property=\"og:site_name\" content=\"\u017dKK Plamen Po\u017eega\" \/>\n<meta property=\"article:publisher\" content=\"https:\/\/www.facebook.com\/zkkplamenpozega\/\" \/>\n<meta property=\"article:modified_time\" content=\"2025-06-16T17:05:11+00:00\" \/>\n<meta name=\"twitter:card\" content=\"summary_large_image\" \/>\n<meta name=\"twitter:label1\" content=\"Procijenjeno vrijeme \u010ditanja\" \/>\n\t<meta name=\"twitter:data1\" content=\"1 minuta\" \/>\n<script type=\"application\/ld+json\" class=\"yoast-schema-graph\">{\"@context\":\"https:\\\/\\\/schema.org\",\"@graph\":[{\"@type\":\"WebPage\",\"@id\":\"https:\\\/\\\/zkkplamenpozega.hr\\\/?page_id=4731\",\"url\":\"https:\\\/\\\/zkkplamenpozega.hr\\\/?page_id=4731\",\"name\":\"Ekipa - \u017dKK Plamen Po\u017eega\",\"isPartOf\":{\"@id\":\"https:\\\/\\\/zkkplamenpozega.hr\\\/#website\"},\"datePublished\":\"2025-06-16T16:41:08+00:00\",\"dateModified\":\"2025-06-16T17:05:11+00:00\",\"description\":\"Prvo ko\u0161arka\u0161ko igrali\u0161te izgra\u0111eno je 1946. godine, u Grginom dolu. Odmah je 1947 pri poduze\u0107u Granap osnovana \u017eenska ko\u0161arka\u0161ka ekipa.\",\"breadcrumb\":{\"@id\":\"https:\\\/\\\/zkkplamenpozega.hr\\\/?page_id=4731#breadcrumb\"},\"inLanguage\":\"hr\",\"potentialAction\":[{\"@type\":\"ReadAction\",\"target\":[\"https:\\\/\\\/zkkplamenpozega.hr\\\/?page_id=4731\"]}]},{\"@type\":\"BreadcrumbList\",\"@id\":\"https:\\\/\\\/zkkplamenpozega.hr\\\/?page_id=4731#breadcrumb\",\"itemListElement\":[{\"@type\":\"ListItem\",\"position\":1,\"name\":\"Po\u010detna stranica\",\"item\":\"https:\\\/\\\/zkkplamenpozega.hr\\\/\"},{\"@type\":\"ListItem\",\"position\":2,\"name\":\"Ekipa\"}]},{\"@type\":\"WebSite\",\"@id\":\"https:\\\/\\\/zkkplamenpozega.hr\\\/#website\",\"url\":\"https:\\\/\\\/zkkplamenpozega.hr\\\/\",\"name\":\"\u017dKK Plamen Po\u017eega\",\"description\":\"Plamene su najbolje\",\"publisher\":{\"@id\":\"https:\\\/\\\/zkkplamenpozega.hr\\\/#organization\"},\"potentialAction\":[{\"@type\":\"SearchAction\",\"target\":{\"@type\":\"EntryPoint\",\"urlTemplate\":\"https:\\\/\\\/zkkplamenpozega.hr\\\/?s={search_term_string}\"},\"query-input\":{\"@type\":\"PropertyValueSpecification\",\"valueRequired\":true,\"valueName\":\"search_term_string\"}}],\"inLanguage\":\"hr\"},{\"@type\":\"Organization\",\"@id\":\"https:\\\/\\\/zkkplamenpozega.hr\\\/#organization\",\"name\":\"\u017denski ko\u0161arka\u0161ki klub Plamen Po\u017eega\",\"url\":\"https:\\\/\\\/zkkplamenpozega.hr\\\/\",\"logo\":{\"@type\":\"ImageObject\",\"inLanguage\":\"hr\",\"@id\":\"https:\\\/\\\/zkkplamenpozega.hr\\\/#\\\/schema\\\/logo\\\/image\\\/\",\"url\":\"https:\\\/\\\/zkkplamenpozega.hr\\\/wp-content\\\/uploads\\\/2020\\\/10\\\/logo-zkkpozega-e1602941511846.png\",\"contentUrl\":\"https:\\\/\\\/zkkplamenpozega.hr\\\/wp-content\\\/uploads\\\/2020\\\/10\\\/logo-zkkpozega-e1602941511846.png\",\"width\":400,\"height\":236,\"caption\":\"\u017denski ko\u0161arka\u0161ki klub Plamen Po\u017eega\"},\"image\":{\"@id\":\"https:\\\/\\\/zkkplamenpozega.hr\\\/#\\\/schema\\\/logo\\\/image\\\/\"},\"sameAs\":[\"https:\\\/\\\/www.facebook.com\\\/zkkplamenpozega\\\/\",\"https:\\\/\\\/www.instagram.com\\\/zkkplamenpozega\\\/?hl=hr\"]}]}<\/script>\n<!-- \/ Yoast SEO plugin. -->","yoast_head_json":{"title":"Ekipa - \u017dKK Plamen Po\u017eega","description":"Prvo ko\u0161arka\u0161ko igrali\u0161te izgra\u0111eno je 1946. godine, u Grginom dolu. Odmah je 1947 pri poduze\u0107u Granap osnovana \u017eenska ko\u0161arka\u0161ka ekipa.","robots":{"index":"index","follow":"follow","max-snippet":"max-snippet:-1","max-image-preview":"max-image-preview:large","max-video-preview":"max-video-preview:-1"},"canonical":"https:\/\/zkkplamenpozega.hr\/?page_id=4731","og_locale":"hr_HR","og_type":"article","og_title":"Ekipa - \u017dKK Plamen Po\u017eega","og_description":"Prvo ko\u0161arka\u0161ko igrali\u0161te izgra\u0111eno je 1946. godine, u Grginom dolu. Odmah je 1947 pri poduze\u0107u Granap osnovana \u017eenska ko\u0161arka\u0161ka ekipa.","og_url":"https:\/\/zkkplamenpozega.hr\/?page_id=4731","og_site_name":"\u017dKK Plamen Po\u017eega","article_publisher":"https:\/\/www.facebook.com\/zkkplamenpozega\/","article_modified_time":"2025-06-16T17:05:11+00:00","twitter_card":"summary_large_image","twitter_misc":{"Procijenjeno vrijeme \u010ditanja":"1 minuta"},"schema":{"@context":"https:\/\/schema.org","@graph":[{"@type":"WebPage","@id":"https:\/\/zkkplamenpozega.hr\/?page_id=4731","url":"https:\/\/zkkplamenpozega.hr\/?page_id=4731","name":"Ekipa - \u017dKK Plamen Po\u017eega","isPartOf":{"@id":"https:\/\/zkkplamenpozega.hr\/#website"},"datePublished":"2025-06-16T16:41:08+00:00","dateModified":"2025-06-16T17:05:11+00:00","description":"Prvo ko\u0161arka\u0161ko igrali\u0161te izgra\u0111eno je 1946. godine, u Grginom dolu. Odmah je 1947 pri poduze\u0107u Granap osnovana \u017eenska ko\u0161arka\u0161ka ekipa.","breadcrumb":{"@id":"https:\/\/zkkplamenpozega.hr\/?page_id=4731#breadcrumb"},"inLanguage":"hr","potentialAction":[{"@type":"ReadAction","target":["https:\/\/zkkplamenpozega.hr\/?page_id=4731"]}]},{"@type":"BreadcrumbList","@id":"https:\/\/zkkplamenpozega.hr\/?page_id=4731#breadcrumb","itemListElement":[{"@type":"ListItem","position":1,"name":"Po\u010detna stranica","item":"https:\/\/zkkplamenpozega.hr\/"},{"@type":"ListItem","position":2,"name":"Ekipa"}]},{"@type":"WebSite","@id":"https:\/\/zkkplamenpozega.hr\/#website","url":"https:\/\/zkkplamenpozega.hr\/","name":"\u017dKK Plamen Po\u017eega","description":"Plamene su najbolje","publisher":{"@id":"https:\/\/zkkplamenpozega.hr\/#organization"},"potentialAction":[{"@type":"SearchAction","target":{"@type":"EntryPoint","urlTemplate":"https:\/\/zkkplamenpozega.hr\/?s={search_term_string}"},"query-input":{"@type":"PropertyValueSpecification","valueRequired":true,"valueName":"search_term_string"}}],"inLanguage":"hr"},{"@type":"Organization","@id":"https:\/\/zkkplamenpozega.hr\/#organization","name":"\u017denski ko\u0161arka\u0161ki klub Plamen Po\u017eega","url":"https:\/\/zkkplamenpozega.hr\/","logo":{"@type":"ImageObject","inLanguage":"hr","@id":"https:\/\/zkkplamenpozega.hr\/#\/schema\/logo\/image\/","url":"https:\/\/zkkplamenpozega.hr\/wp-content\/uploads\/2020\/10\/logo-zkkpozega-e1602941511846.png","contentUrl":"https:\/\/zkkplamenpozega.hr\/wp-content\/uploads\/2020\/10\/logo-zkkpozega-e1602941511846.png","width":400,"height":236,"caption":"\u017denski ko\u0161arka\u0161ki klub Plamen Po\u017eega"},"image":{"@id":"https:\/\/zkkplamenpozega.hr\/#\/schema\/logo\/image\/"},"sameAs":["https:\/\/www.facebook.com\/zkkplamenpozega\/","https:\/\/www.instagram.com\/zkkplamenpozega\/?hl=hr"]}]}},"_links":{"self":[{"href":"https:\/\/zkkplamenpozega.hr\/index.php?rest_route=\/wp\/v2\/pages\/4731","targetHints":{"allow":["GET"]}}],"collection":[{"href":"https:\/\/zkkplamenpozega.hr\/index.php?rest_route=\/wp\/v2\/pages"}],"about":[{"href":"https:\/\/zkkplamenpozega.hr\/index.php?rest_route=\/wp\/v2\/types\/page"}],"author":[{"embeddable":true,"href":"https:\/\/zkkplamenpozega.hr\/index.php?rest_route=\/wp\/v2\/users\/5"}],"replies":[{"embeddable":true,"href":"https:\/\/zkkplamenpozega.hr\/index.php?rest_route=%2Fwp%2Fv2%2Fcomments&post=4731"}],"version-history":[{"count":8,"href":"https:\/\/zkkplamenpozega.hr\/index.php?rest_route=\/wp\/v2\/pages\/4731\/revisions"}],"predecessor-version":[{"id":4749,"href":"https:\/\/zkkplamenpozega.hr\/index.php?rest_route=\/wp\/v2\/pages\/4731\/revisions\/4749"}],"wp:attachment":[{"href":"https:\/\/zkkplamenpozega.hr\/index.php?rest_route=%2Fwp%2Fv2%2Fmedia&parent=4731"}],"curies":[{"name":"wp","href":"https:\/\/api.w.org\/{rel}","templated":true}]}}

<div class="wpb-content-wrapper"><p>[vc_row][vc_column][vc_custom_heading text=&#8221;PLAMENE 24/25&#8243; google_fonts=&#8221;font_family:Montserrat%3Aregular%2C700|font_style:700%20bold%20regular%3A700%3Anormal&#8221; css=&#8221;.vc_custom_1750092035045{margin-bottom: 24px !important;border-top-width: 0px !important;border-left-width: 6px !important;padding-left: 12px !important;border-left-style: solid !important;border-top-style: solid !important;border-radius: 4px !important;border-color: #EECD29 !important;}&#8221;][alc_roster_blocks player_lists_id=&#8221;4448&#8243; columns=&#8221;2&#8243;][vc_separator][/vc_column][/vc_row][vc_row css=&#8221;.vc_custom_1750092187137{margin-top: 24px !important;}&#8221;][vc_column][vc_custom_heading text=&#8221;Stručni stožer&#8221; google_fonts=&#8221;font_family:Montserrat%3Aregular%2C700|font_style:700%20bold%20regular%3A700%3Anormal&#8221; css=&#8221;.vc_custom_1750092053745{margin-bottom: 24px !important;border-top-width: 0px !important;border-left-width: 6px !important;padding-left: 12px !important;border-left-style: solid !important;border-top-style: solid !important;border-radius: 4px !important;border-color: #EECD29 !important;}&#8221;][/vc_column][/vc_row][vc_row][vc_column width=&#8221;1/2&#8243;][alc_staff_bio_card staff_id=&#8221;4522&#8243; img_size=&#8221;medium&#8221; el_class=&#8221;coach&#8221;][/vc_column][vc_column width=&#8221;1/2&#8243;][alc_staff_bio_card staff_id=&#8221;4525&#8243; img_size=&#8221;medium&#8221; el_class=&#8221;coach&#8221;][/vc_column][/vc_row]</p>
</div>

<p>[vc_row][vc_column][vc_custom_heading text=&#8221;PLAMENE 24/25&#8243; google_fonts=&#8221;font_family:Montserrat%3Aregular%2C700|font_style:700%20bold%20regular%3A700%3Anormal&#8221; css=&#8221;.vc_custom_1750092035045{margin-bottom: 24px !important;border-top-width: 0px !important;border-left-width: 6px !important;padding-left: 12px !important;border-left-style: solid !important;border-top-style: solid !important;border-radius: 4px !important;border-color: #EECD29 !important;}&#8221;][alc_roster_blocks player_lists_id=&#8221;4448&#8243; columns=&#8221;2&#8243;][vc_separator][/vc_column][/vc_row][vc_row css=&#8221;.vc_custom_1750092187137{margin-top: 24px !important;}&#8221;][vc_column][vc_custom_heading text=&#8221;Stručni stožer&#8221; google_fonts=&#8221;font_family:Montserrat%3Aregular%2C700|font_style:700%20bold%20regular%3A700%3Anormal&#8221; css=&#8221;.vc_custom_1750092053745{margin-bottom: 24px !important;border-top-width: 0px !important;border-left-width: 6px !important;padding-left: 12px !important;border-left-style: solid !important;border-top-style: solid !important;border-radius: 4px !important;border-color: #EECD29 !important;}&#8221;][/vc_column][/vc_row][vc_row][vc_column width=&#8221;1/2&#8243;][alc_staff_bio_card staff_id=&#8221;4522&#8243; img_size=&#8221;medium&#8221; el_class=&#8221;coach&#8221;][/vc_column][vc_column width=&#8221;1/2&#8243;][alc_staff_bio_card staff_id=&#8221;4525&#8243; img_size=&#8221;medium&#8221; el_class=&#8221;coach&#8221;][/vc_column][/vc_row]</p>

<!-- This site is optimized with the Yoast SEO plugin v27.4 - https://yoast.com/product/yoast-seo-wordpress/ -->
<title>Ekipa - ŽKK Plamen Požega</title>
<meta name="description" content="Prvo košarkaško igralište izgrađeno je 1946. godine, u Grginom dolu. Odmah je 1947 pri poduzeću Granap osnovana ženska košarkaška ekipa." />
<meta name="robots" content="index, follow, max-snippet:-1, max-image-preview:large, max-video-preview:-1" />
<link rel="canonical" href="https://zkkplamenpozega.hr/?page_id=4731" />
<meta property="og:locale" content="hr_HR" />
<meta property="og:type" content="article" />
<meta property="og:title" content="Ekipa - ŽKK Plamen Požega" />
<meta property="og:description" content="Prvo košarkaško igralište izgrađeno je 1946. godine, u Grginom dolu. Odmah je 1947 pri poduzeću Granap osnovana ženska košarkaška ekipa." />
<meta property="og:url" content="https://zkkplamenpozega.hr/?page_id=4731" />
<meta property="og:site_name" content="ŽKK Plamen Požega" />
<meta property="article:publisher" content="https://www.facebook.com/zkkplamenpozega/" />
<meta property="article:modified_time" content="2025-06-16T17:05:11+00:00" />
<meta name="twitter:card" content="summary_large_image" />
<meta name="twitter:label1" content="Procijenjeno vrijeme čitanja" />
	<meta name="twitter:data1" content="1 minuta" />
<script type="application/ld+json" class="yoast-schema-graph">{"@context":"https:\/\/schema.org","@graph":[{"@type":"WebPage","@id":"https:\/\/zkkplamenpozega.hr\/?page_id=4731","url":"https:\/\/zkkplamenpozega.hr\/?page_id=4731","name":"Ekipa - ŽKK Plamen Požega","isPartOf":{"@id":"https:\/\/zkkplamenpozega.hr\/#website"},"datePublished":"2025-06-16T16:41:08+00:00","dateModified":"2025-06-16T17:05:11+00:00","description":"Prvo košarkaško igralište izgrađeno je 1946. godine, u Grginom dolu. Odmah je 1947 pri poduzeću Granap osnovana ženska košarkaška ekipa.","breadcrumb":{"@id":"https:\/\/zkkplamenpozega.hr\/?page_id=4731#breadcrumb"},"inLanguage":"hr","potentialAction":[{"@type":"ReadAction","target":["https:\/\/zkkplamenpozega.hr\/?page_id=4731"]}]},{"@type":"BreadcrumbList","@id":"https:\/\/zkkplamenpozega.hr\/?page_id=4731#breadcrumb","itemListElement":[{"@type":"ListItem","position":1,"name":"Početna stranica","item":"https:\/\/zkkplamenpozega.hr\/"},{"@type":"ListItem","position":2,"name":"Ekipa"}]},{"@type":"WebSite","@id":"https:\/\/zkkplamenpozega.hr\/#website","url":"https:\/\/zkkplamenpozega.hr\/","name":"ŽKK Plamen Požega","description":"Plamene su najbolje","publisher":{"@id":"https:\/\/zkkplamenpozega.hr\/#organization"},"potentialAction":[{"@type":"SearchAction","target":{"@type":"EntryPoint","urlTemplate":"https:\/\/zkkplamenpozega.hr\/?s={search_term_string}"},"query-input":{"@type":"PropertyValueSpecification","valueRequired":true,"valueName":"search_term_string"}}],"inLanguage":"hr"},{"@type":"Organization","@id":"https:\/\/zkkplamenpozega.hr\/#organization","name":"Ženski košarkaški klub Plamen Požega","url":"https:\/\/zkkplamenpozega.hr\/","logo":{"@type":"ImageObject","inLanguage":"hr","@id":"https:\/\/zkkplamenpozega.hr\/#\/schema\/logo\/image\/","url":"https:\/\/zkkplamenpozega.hr\/wp-content\/uploads\/2020\/10\/logo-zkkpozega-e1602941511846.png","contentUrl":"https:\/\/zkkplamenpozega.hr\/wp-content\/uploads\/2020\/10\/logo-zkkpozega-e1602941511846.png","width":400,"height":236,"caption":"Ženski košarkaški klub Plamen Požega"},"image":{"@id":"https:\/\/zkkplamenpozega.hr\/#\/schema\/logo\/image\/"},"sameAs":["https:\/\/www.facebook.com\/zkkplamenpozega\/","https:\/\/www.instagram.com\/zkkplamenpozega\/?hl=hr"]}]}</script>
<!-- / Yoast SEO plugin. -->

Ekipa - ŽKK Plamen Požega

Prvo košarkaško igralište izgrađeno je 1946. godine, u Grginom dolu. Odmah je 1947 pri poduzeću Granap osnovana ženska košarkaška ekipa.

ŽKK Plamen Požega

Početna stranica

Ženski košarkaški klub Plamen Požega
